3 + 133*l**2 + 136*l + 2. What are the prime factors of a(-1)?
3, 17, 337
Let m be (18/7)/(-4 + 20505/5124). Suppose 0 = -5*b + m + 851. List the prime factors of b.
463
Suppose -a - 2588 = 2*h - 21217, -4*a + 2*h = -74576. What are the prime factors of a?
7, 2663
Let t(q) = -1713*q**3 + 184*q**2 + 540*q - 2. List the prime factors of t(-3).
5, 9257
Let r be -1*(-18)/27 + 20/6. Suppose 616 = r*f + q, 0 = -2*f - 3*f + q + 770. What are the prime factors of f?
2, 7, 11
Suppose -c = -5*t - 25509, -5*c + 101*t = 96*t - 127465. List the prime factors of c.
71, 359
What are the prime factors of 16 + -4 + (-9 - -8155)?
2, 4079
Let w = -287 - -281. Let v(z) = -2*z**3 - 11*z**2 - 2*z + 5. What are the prime factors of v(w)?
53
Suppose -11*u - 1 + 34 = 0. Suppose 0 = 4*c - o - 606, u*c - 2*c + 4*o - 143 = 0. What are the prime factors of c?
151
Suppose 38*y - 331351 = -523693 + 2979300. List the prime factors of y.
3, 29, 281
Let n = 9742 - 2971. List the prime factors of n.
3, 37, 61
Let o(z) = -22*z - z**2 + 4*z - 2982 + 3004. Let c be o(-19). Suppose 3*l = 5*f + 676, 0*l - c*f = -4*l + 883. What are the prime factors of l?
7, 31
List the prime factors of 27/(-2 + 11) + 3270.
3, 1091
Let z(n) = 13*n - 6*n - 16 + 4*n + 6. Let c be z(5). Suppose 0 = b - c - 50. List the prime factors of b.
5, 19
Let p(g) = 14763*g**2 - 162*g + 15. What are the prime factors of p(-2)?
3, 6599
Let j(l) = -3048*l + 10829. What are the prime factors of j(-5)?
131, 199
Let z = -64 + 68. Suppose 4*m - 599 = 4*s + 881, -2*s = z*m - 1462. What are the prime factors of m?
367
Let s(l) = -3212*l + 261. List the prime factors of s(-8).
101, 257
Let b be ((-32)/(-11) - -11) + -7 + 2/22. Let a = -10 + 3. List the prime factors of 404/(b/(a/(-2))).
2, 101
Let z = -146841 - -217967. What are the prime factors of z?
2, 11, 53, 61
Suppose 90*a = 92*a - 50. Suppose a*h - 2100 = 11*h. What are the prime factors of h?
2, 3, 5
Let a(o) be the second derivative of 7*o**4/6 - o**3/3 - 65*o**2/2 - 167*o. What are the prime factors of a(-8)?
7, 11
Let z = -204 + 144. Let t be 0 + (-1 - 1) + z/(-5). List the prime factors of 1022/t + 5/(-25).
2, 3, 17
Let r(h) = -8*h**2 + h - 29. Let j be r(-5). Suppose -3*v - 1548 + 333 = 3*b, 2*b - 3*v = -805. Let t = j - b. List the prime factors of t.
2, 5, 17
Let w be 1/16 + (-3510)/(-3744). Let g(b) = b**3 - b**2 - b - 14. Let d be g(0). List the prime factors of (129/(-2))/(d/8 + w).
2, 43
Let l be 1 + 2 - (-4320)/6. Let x = l - 268. List the prime factors of x.
5, 7, 13
Let k = -94 - -95. Suppose -k = 3*w - 5*b - 5, w + 5*b = 28. Suppose 0 = -x + w*x - 791. List the prime factors of x.
113
Suppose 0 - 6 = 2*w. Let l = -1630 - -1794. Let x = l + w. What are the prime factors of x?
7, 23
Let m be -9 - 3*5596/(-2). Suppose -174*o + 179*o - m = 0. What are the prime factors of o?
3, 13, 43
Let y(l) = 15*l - 46. Let h be y(5). Suppose -34*d + 2265 = -h*d. What are the prime factors of d?
3, 151
Let t = 8489 + -5747. List the prime factors of t.
2, 3, 457
Let z be 2/(1 + -3) + 30. Let k(q) = q**2 + 17*q - 198. Let a be k(11). Let w = a - z. List the prime factors of w.
3
Let c = 352 - 584. Let b = 215 - c. List the prime factors of b.
3, 149
Suppose n = 1208 + 1289. What are the prime factors of n?
11, 227
Let m(c) be the first derivative of -4*c**2 - 5*c + 21. Let i be m(-1). Suppose i*w - 4*w = -205. List the prime factors of w.
5, 41
Let x(f) = -203*f + 7. Let s be (1 - -2)*(-7 + 6). List the prime factors of x(s).
2, 7, 11
Suppose -3*p - 82896 = -14*p. List the prime factors of p.
2, 3, 157
Let k(t) = -8*t**2 + 134*t - 3. Let j be k(-6). What are the prime factors of 1*(-4 - j/3)?
19
List the prime factors of (6/7)/(2314522/154301 + -15).
2, 3, 47, 67
List the prime factors of (9255 - 2) + 688/43.
13, 23, 31
Let a(t) = 10*t**2 - 69*t + 16. Let p be a(7). Suppose -11*h = -p*h + 8232. What are the prime factors of h?
2, 7
Suppose 0 = -3*x - 4*w + 7968, -2*x - 25*w + 5332 = -29*w. List the prime factors of x.
2, 5, 7, 19
Let r(l) be the first derivative of -2*l**2 + 27*l - 19. Let h be r(3). Suppose -o + h = -130. List the prime factors of o.
5, 29
Let s(n) = -2933*n + 100. List the prime factors of s(-5).
5, 2953
Let f = 130 + -133. What are the prime factors of 218 - 0/f - (-1 - -5)?
2, 107
Suppose -5*n = 3*l - 9, -5*l = -n - l + 11. Suppose -3*w + 31 = -4*x - 256, -n*x - 225 = w. Let t = 82 + x. What are the prime factors of t?
2
Suppose -3*q + 32883 = 3*t, -3*q = -4*t + 2*q + 43826. What are the prime factors of t?
3, 13, 281
Let i(f) = -f + 9. Let g = 60 - 54. Let x be i(g). Suppose o + 40 = n, -o - 212 = x*n - 8*n. What are the prime factors of n?
43
Let v = 23 + -13. Suppose -90 = 15*d - v*d. Let i(q) = -7*q + 21. List the prime factors of i(d).
3, 7
Let y(o) be the first derivative of -11*o**2 - 30*o + 3. Let m be y(-4). Let v = -21 + m. List the prime factors of v.
37
Suppose -2*v - 5*d = -1 + 18, 3*v - 5*d = 37. Suppose 6*s - s + v*c = 1935, s + 3*c - 387 = 0. What are the prime factors of s?
3, 43
Let m be 1 + -1 + (8 - 0). Let u be (32/4)/4 + m. Suppose 0 = -u*g + 733 + 207. What are the prime factors of g?
2, 47
Suppose 1788 - 273 = 3*b. Let x = 369 + b. List the prime factors of x.
2, 19, 23
Let d(b) = -3371*b + 1441. What are the prime factors of d(-4)?
3, 5, 199
Let j(s) = -s + 59. Let c be j(6). Suppose w - c - 567 = 0. What are the prime factors of w?
2, 5, 31
Let q(j) = 7*j + 24*j**2 + j**2 + 10*j**2 - 17 - j**2. What are the prime factors of q(5)?
2, 7, 31
Let i = 0 - 0. Let z = 8530 + -8508. Suppose i = z*u - 17*u - 215. What are the prime factors of u?
43
Let u = -21 - -24. Suppose -77 = u*y + 4*y. What are the prime factors of (2 - -1)*(-517)/y?
3, 47
Let o(a) = -348*a - 362*a + 720*a - 25. List the prime factors of o(16).
3, 5
Suppose -15 = -8*l + 3*l. Suppose -l*z = 10 + 95. Let n = z - -192. What are the prime factors of n?
157
Suppose 12*m - 15*m - 2*o = -150422, -100252 = -2*m - 5*o. What are the prime factors of m?
2, 25073
Let g = 366 - 534. Let i = g - -504. What are the prime factors of i?
2, 3, 7
Let h(w) = -w**3 - 19*w**2 + 18*w + 42. Let m(j) = -j**3 - 19*j**2 + 19*j + 43. Let f(y) = -5*h(y) + 4*m(y). What are the prime factors of f(-19)?
2, 3, 19
Let w = 2015 - 1014. Suppose -5*v = 18 - 53. Suppose 0*a + w = v*a. What are the prime factors of a?
11, 13
What are the prime factors of 7 + (-60)/(-75)*23395?
3, 79
Let a(i) = 8*i. Let d be a(-1). Let m(r) = -44*r - 11 + 99*r - 51*r + 2 + r**2. What are the prime factors of m(d)?
23
Let b(f) = 11*f**3 + 2*f**2 - 4*f + 3. Let t be (-10)/4*8/(-20). Let v be b(t). Suppose r - 5*h - 160 = 0, 0 = -h + 5*h + v. List the prime factors of r.
5, 29
Let y(r) = -r**3 - 6*r**2 - r - 5. Let g be y(-6). Let n be (g/4)/(10/80). Suppose -75 = -2*c + n*h - 21, 10 = -5*h. What are the prime factors of c?
5
Let o = 19 + -22. Let h(g) = g**2 + g - 5. Let r be h(o). Suppose -r = x - 8. List the prime factors of x.
7
Let d be (4/(-2))/(-1 + 177/174). Let r = d + 118. Suppose r*c - 2*l = 295 - 91, -2*l + 192 = 2*c. List the prime factors of c.
3, 11
Let s = 18 + -12. Suppose -4*b = 12, s = -2*f + 3*f - 2*b. Let v(w) = -2*w + 17. List the prime factors of v(f).
17
Let n(m) = -45812*m**3 - 7*m**2 - 8*m. What are the prime factors of n(-1)?
3, 15271
Suppose -5*v + 9*c + 162 = 13*c, -5*c + 15 = 0. Suppose v*y - 27*y - 3978 = 0. List the prime factors of y.
2, 3, 13, 17
Suppose -5*w - a - 902 = -3899, -4*w - 4*a = -2388. Let s = -308 + w. What are the prime factors of s?
2, 73
Suppose 3*i = 14*i - 660. Let w be 11/4 - (-15)/i. Suppose w*a + 87 = k, a - 293 = -4*k + 2*a. List the prime factors of k.
2, 3
Suppose -2*w + 4*t = w - 18311, -10 = 2*t. What are the prime factors of w?
7, 13, 67
Suppose m = -5*i + 37214, 3*i = m - 2*i - 37264. List the prime factors of m.
3, 12413
Suppose -2*r - r = 0. Suppose 4*w - 3*w - 3*t + 55 = r, 4*t - 20 = 0. Let a = w - -100. List the prime factors of a.
2, 3, 5
Suppose 3 - 3 = 7*g. Suppose g = r, -29 + 769 = 4*j + r. Suppose 5*k + j = 10*k. What are the prime factors of k?
37
Let l(z) = 34*z**3 + 2*z**2 + 26*z - 27. Let u be l(1). List the prime factors of 11010/14 + (-15)/u.
2, 3, 131
List the prime factors of 27*9/81 + 3342/3.
1117
Let g(l) be the first derivative o